
What are the prime factors of 24281109?
3, 463, 5827
List the prime factors of 360811531.
37, 9751663
List the prime factors of 208771865.
5, 2939, 14207
What are the prime factors of 18372747?
3, 29, 223, 947
What are the prime factors of 47688641?
7, 11, 13, 61, 71
List the prime factors of 217474499.
11, 23, 47, 18289
What are the prime factors of 90548823?
3, 101, 298841
List the prime factors of 316894462.
2, 31, 5111201
What are the prime factors of 1522161365?
5, 61, 4990693
List the prime factors of 54815145.
3, 5, 7, 11, 47459
What are the prime factors of 544241468?
2, 17, 383, 20897
List the prime factors of 4001443021.
4001443021
List the prime factors of 106398855.
3, 5, 131, 18049
List the prime factors of 18333359.
11, 179, 9311
List the prime factors of 57687447.
3, 73, 241, 1093
List the prime factors of 20754090.
2, 3, 5, 7, 79, 139
List the prime factors of 230515421.
230515421
List the prime factors of 4222479055.
5, 137, 6164203
What are the prime factors of 1584047649?
3, 528015883
What are the prime factors of 3276952001?
47, 69722383
List the prime factors of 5950778.
2, 2975389
What are the prime factors of 69744214?
2, 34872107
List the prime factors of 1988321597.
683, 2911159
List the prime factors of 8889947.
11, 808177
List the prime factors of 4164669292.
2, 7, 157, 947377
List the prime factors of 62329239.
3, 7, 989353
What are the prime factors of 37767699?
3, 67, 62633
What are the prime factors of 235088575?
5, 137, 68639
What are the prime factors of 6290980039?
9539, 659501
What are the prime factors of 26031081?
3, 8677027
List the prime factors of 21687182.
2, 11, 985781
What are the prime factors of 1074970111?
2207, 487073
What are the prime factors of 4200013?
4200013
List the prime factors of 37809270.
2, 3, 5, 420103
List the prime factors of 271725235.
5, 587, 92581
What are the prime factors of 3473988294?
2, 3, 7, 82714007
What are the prime factors of 89972570?
2, 5, 47, 4073
List the prime factors of 3702701.
19, 23, 37, 229
List the prime factors of 251471937.
3, 191, 438869
List the prime factors of 8388992.
2, 65539
What are the prime factors of 523968798?
2, 3, 17, 1621, 3169
What are the prime factors of 68704456?
2, 19, 157, 2879
What are the prime factors of 974829526?
2, 11, 44310433
What are the prime factors of 609529303?
137, 4449119
What are the prime factors of 93460780?
2, 5, 7, 667577
List the prime factors of 83461568.
2, 17, 41, 1871
What are the prime factors of 3113500419?
3, 269, 1286039
What are the prime factors of 104722749?
3, 23, 505907
What are the prime factors of 1188051832?
2, 11, 13500589
List the prime factors of 113504225.
5, 61, 263, 283
List the prime factors of 1218179356.
2, 304544839
List the prime factors of 49702520.
2, 5, 7, 29, 6121
List the prime factors of 535238270.
2, 5, 7, 571, 1913
List the prime factors of 947416578.
2, 3, 1901, 83063
What are the prime factors of 63651343?
7, 1299007
List the prime factors of 1607909300.
2, 5, 17, 23, 41, 59
List the prime factors of 2297471689.
617, 3723617
What are the prime factors of 154515434?
2, 331, 233407
What are the prime factors of 59696540?
2, 5, 37, 80671
What are the prime factors of 257732610?
2, 3, 5, 8591087
List the prime factors of 514467497.
2237, 229981
List the prime factors of 1061066980.
2, 5, 53053349
List the prime factors of 53613330.
2, 3, 5, 337, 5303
List the prime factors of 3344026992.
2, 3, 69667229
List the prime factors of 100544917.
11, 9140447
What are the prime factors of 56759095?
5, 11351819
List the prime factors of 15310858.
2, 7655429
List the prime factors of 50752540.
2, 5, 2537627
List the prime factors of 1859450005.
5, 7, 863, 61561
List the prime factors of 634216032.
2, 3, 2202139
List the prime factors of 44096827.
17, 131, 19801
What are the prime factors of 72893233?
7, 23, 64679
What are the prime factors of 78611613?
3, 97, 270143
What are the prime factors of 977325218?
2, 199, 283, 8677
List the prime factors of 338741700.
2, 3, 5, 11, 23, 4463
List the prime factors of 207299060.
2, 5, 211, 49123
List the prime factors of 72751001.
23, 3163087
List the prime factors of 144950738.
2, 17, 23, 185359
What are the prime factors of 529065138?
2, 3, 7, 107, 117727
What are the prime factors of 191631255?
3, 5, 191, 211, 317
What are the prime factors of 188078147?
31, 6067037
What are the prime factors of 4895087887?
4895087887
List the prime factors of 16671678.
2, 3, 1259, 2207
What are the prime factors of 534231701?
534231701
List the prime factors of 629798727.
3, 67, 137, 22871
What are the prime factors of 84429421?
971, 86951
List the prime factors of 154106177.
31, 4971167
What are the prime factors of 586425556?
2, 103, 859, 1657
List the prime factors of 740887892.
2, 331, 559583
What are the prime factors of 15801833?
499, 31667
What are the prime factors of 812433538?
2, 7, 373, 155579
What are the prime factors of 68503093?
257, 266549
What are the prime factors of 75129727?
3259, 23053
List the prime factors of 8150486593.
74561, 109313
List the prime factors of 848726622.
2, 3, 283, 166613
List the prime factors of 74053115.
5, 14810623
What are the prime factors of 2964703082?
2, 11, 23, 53, 227, 487
What are the prime factors of 189932794?
2, 4127, 23011
List the prime factors of 1056244369.
31, 34072399
List the prime factors of 530085224.
2, 53, 1250201
What are the prime factors of 913952563?
2389, 382567
What are the prime factors of 79508494?
2, 13, 1019, 3001
What are the prime factors of 582658060?
2, 5, 47, 619849
What are the prime factors of 187673297?
7, 29, 924499
List the prime factors of 7524109.
1051, 7159
List the prime factors of 264680095.
5, 101, 524119
What are the prime factors of 817775042?
2, 7, 6379, 9157
List the prime factors of 19863872.
2, 7, 101, 439
List the prime factors of 7418375.
5, 17, 3491
List the prime factors of 763129161.
3, 2243, 12601
List the prime factors of 8246742316.
2, 347, 457, 13001
What are the prime factors of 58328783?
58328783
List the prime factors of 407197869.
3, 13, 73, 157, 911
What are the prime factors of 1154695154?
2, 47, 307, 40013
What are the prime factors of 623397630?
2, 3, 5, 29, 716549
List the prime factors of 98098184.
2, 29, 67, 6311
List the prime factors of 4729736479.
13, 363825883
List the prime factors of 4999409272.
2, 11, 13, 397283
List the prime factors of 4123415.
5, 824683
What are the prime factors of 594264726?
2, 3, 11, 53, 56629
List the prime factors of 525146327.
23, 41, 373, 1493
What are the prime factors of 543216237?
3, 181072079
What are the prime factors of 6443571?
3, 463, 4639
What are the prime factors of 39461410?
2, 5, 3946141
What are the prime factors of 454652457?
3, 7, 21650117
List the prime factors of 12248552.
2, 193, 7933
What are the prime factors of 1382148746?
2, 11, 107, 587149
List the prime factors of 88630072.
2, 61, 181619
List the prime factors of 613920350.
2, 5, 521, 23567
What are the prime factors of 47862503?
13, 3681731
What are the prime factors of 402429126?
2, 3, 11, 6097411
What are the prime factors of 34090244?
2, 8522561
What are the prime factors of 267764567?
7, 197, 27739
What are the prime factors of 41746211?
13, 19, 13001
What are the prime factors of 2251366?
2, 13, 131, 661
List the prime factors of 268250438.
2, 134125219
What are the prime factors of 811890445?
5, 37, 59, 74383
List the prime factors of 434219581.
29, 241, 62129
What are the prime factors of 2535957?
3, 23, 12251
List the prime factors of 882203172.
2, 3, 641, 114691
What are the prime factors of 227507345?
5, 13, 17, 227, 907
What are the prime factors of 1339670404?
2, 431, 777071
List the prime factors of 8944171.
23, 233, 1669
What are the prime factors of 342784383?
3, 114261461
List the prime factors of 99508473.
3, 409, 9011
List the prime factors of 47993089.
71, 675959
What are the prime factors of 106367245?
5, 21273449
What are the prime factors of 23751458?
2, 1049, 11321
What are the prime factors of 54342216?
2, 3, 61, 12373
What are the prime factors of 1974045696?
2, 3, 7, 41, 2239
What are the prime factors of 61073329?
163, 374683
What are the prime factors of 12836342?
2, 6418171
What are the prime factors of 55818